7). Let r = o + -80. What are the prime factors of r?
79
Let f = -149 + 78. Let x = f + 124. List the prime factors of x.
53
Suppose -13*o = -19*o - 8802. What are the prime factors of 4/6 + o/(-27)?
5, 11
Let g = -17 + 35. Suppose -23 = -4*d + 5*u, -g = d - 4*d + 4*u. Suppose d*y - 6*y + 216 = 0. What are the prime factors of y?
2, 3
Let g(y) = 2*y**3 - 2*y**2 + y - 1. Let c be g(6). Suppose 2*p = 4*a - 3*p - 279, -5*a + 3*p = -c. List the prime factors of a.
2, 19
Let x = 7 - 3. Suppose -x*m = m. Suppose -p + m*p + 2*a + 8 = 0, 5*p + 3*a - 1 = 0. List the prime factors of p.
2
Let g(q) = -q**3 + 10*q**2 + 11*q + 9. Let c be g(11). Let m = -5 + c. Suppose 8 = y + m. What are the prime factors of y?
2
Let z(o) = o**2 - 10*o + 17. Let f be z(9). Let w = 61 - f. List the prime factors of w.
53
Let i(p) = -p**3 - 17*p**2 + 19*p - 5. What are the prime factors of i(-20)?
5, 163
What are the prime factors of ((-23)/(46/(-3424)))/(1*2)?
2, 107
Suppose -4*j = -3*h + 106, -2*h + 3*j + 0*j + 70 = 0. Let f = h - -67. List the prime factors of f.
3, 5, 7
Let c(s) = s**3 - 8*s**2 - 5*s + 8. Let m(p) = 35*p**2 + p. Let h be m(1). Suppose -h = -2*j - 2*j. List the prime factors of c(j).
2, 11
Suppose 0 = 3*n - w - 2237, -w = 4*n + w - 2996. List the prime factors of n.
3, 83
Suppose 0 = -t + 5*v + 8, -3*v + 3 = -6*v. Suppose h - 266 = -t*m - 24, 5*h = 25. What are the prime factors of m?
79
Suppose 0 = -18*s + 14*s + 12. Suppose -69 = -s*v + 2*d, 4*d - 32 = -v + 5. List the prime factors of v.
5
Let g be (0 - (-10)/(-35))*-35. Let m be ((-108)/g)/((-2)/50). Suppose -4*t - m = -9*t. List the prime factors of t.
2, 3
Let s = -31 - -48. Suppose 5*r - 49 = -2*m, 4*r + 2*m - 23 = s. Let z = r + 9. List the prime factors of z.
2, 3
Let l be ((-4)/((-12)/15))/(-1). Let v = 141 - l. What are the prime factors of v?
2, 73
Let a(f) = f**3 - f**2 - f - 1. Let s(r) = 4*r**3 + 4*r**2 + 3*r + 9. Let b(y) = 4*a(y) + s(y). List the prime factors of b(2).
67
Suppose -4 + 0 = -2*a + 3*w, a = -2*w + 9. Suppose a*r = 10*r - 60. Suppose -c + r = -6. List the prime factors of c.
2, 3
Suppose 0*t - t = -4*s + 20, 0 = 4*t - s + 5. Suppose -3*l = -x - 115, t = 4*l - 4*x - 210 + 70. List the prime factors of l.
2, 5
Let k = -67 - -293. What are the prime factors of k?
2, 113
Suppose 2*v + 0*v + 10 = 3*h, -3*v - 15 = -4*h. Suppose -40 = -5*k - 20. Suppose -k*a + 119 - 47 = h. What are the prime factors of a?
2, 3
What are the prime factors of (-1180)/12*-3*9/3?
3, 5, 59
Let t(m) be the first derivative of 11*m**2 - 24*m + 2. What are the prime factors of t(4)?
2
Suppose -2*m - 6*m + 672 = 0. Suppose 0*h = -3*g - h + 128, h = -2*g + m. What are the prime factors of g?
2, 11
Let y be 8 + (-2 - -3) + -3. Suppose -8*m + y = -6*m. Suppose 4*c + 48 = b, -m*b + 0*c + 129 = 3*c. List the prime factors of b.
2, 11
Let m be 8 + (-3 - 0) - 0. Suppose 0 = m*v - w - 14, -4*v + 1 + 15 = 4*w. Suppose 5*i - v - 7 = 0. List the prime factors of i.
2
List the prime factors of 877 - (56/(-18) - 10/(-90)).
2, 5, 11
Let k be (6 + 1 - 207)*(-10)/8. Suppose -v - v = -k. What are the prime factors of v?
5
Suppose 0 = c - 0*c + 5*j - 1394, -4182 = -3*c - 2*j. List the prime factors of c.
2, 17, 41
Suppose c + 1483 = -6*r + 7*r, -3*r - 3*c + 4443 = 0. List the prime factors of r.
2, 3, 13, 19
Let n = -39 - -34. Let a = n - -14. List the prime factors of a.
3
Let b(y) = 10*y**2 - 2*y + 12. List the prime factors of b(-8).
2, 167
Suppose 45*x = 43*x + 2*j + 908, 5*x - j - 2274 = 0. What are the prime factors of x?
5, 7, 13
Let x(y) = -y**3 - 7*y**2 + 12*y + 15. Let d = -15 + 6. List the prime factors of x(d).
3, 23
Let w(u) = 60*u + 14. Let c(b) = 12*b + 3. Let l(o) = -14*c(o) + 3*w(o). Let k(f) = -f**2 - 7*f - 5. Let n be k(-6). List the prime factors of l(n).
2, 3
Suppose -55 = 12*d + 17. Let m(a) = -a**2 - 15*a - 9. Let z(l) = -l**2 - 14*l - 10. Let u(b) = -4*m(b) + 5*z(b). What are the prime factors of u(d)?
2, 5
Suppose 0 = -j + 4*z + z - 11, 2*j - z = -13. Let y(c) = -15*c - 44. What are the prime factors of y(j)?
2, 23
Suppose 6*a + 70 = a. Let z(y) = -y**3 - 15*y**2 - 18*y - 24. List the prime factors of z(a).
2
Let x = 103 + -58. What are the prime factors of 4*7/2*x/30?
3, 7
Suppose 0 = -2*g + 10, g + 1111 = -4*t + 8*t. Suppose -w - 5*x + 89 = 0, 4*w + 13 = -2*x + t. List the prime factors of w.
2
Let q = -45 - -51. List the prime factors of (2/q - 1)*(-396)/12.
2, 11
Suppose 2*z + 450 = 11*z. What are the prime factors of z?
2, 5
Let x be (2/2 - -3)/2. Suppose g = -x*g + 255. What are the prime factors of g?
5, 17
Suppose 3*v + 9 + 51 = 0. Let r(n) = -n + 17. What are the prime factors of r(v)?
37
Suppose -j - f + 49 = 4*f, 130 = 5*j + 2*f. Suppose r + 3*r = j. What are the prime factors of ((-93)/r)/(4/(-8))?
31
Let j = -29 + 13. What are the prime factors of 8/j*(-171 - 1)?
2, 43
Suppose 4*h = -3*v + 398 + 190, 4 = v. What are the prime factors of h?
2, 3
Let t(h) = -125*h - 215. List the prime factors of t(-15).
2, 5, 83
Let l(c) = 16*c - 48. Let h(q) = -q. Let p(o) = 22*h(o) + 2*l(o). What are the prime factors of p(18)?
2, 3, 7
List the prime factors of 34144/110 - 6/(-10).
311
Let g = -1 + 3. Suppose -21 = -4*z - i, g*i + i - 13 = -2*z. Let u(y) = -y**3 + 6*y**2 - 4*y + 5. List the prime factors of u(z).
2, 5
What are the prime factors of (80678/(-7 + 20))/2?
29, 107
Let n(m) = 96*m + 356. What are the prime factors of n(31)?
2, 7, 17
Let a be (147/(-28))/((-2)/(-24)). List the prime factors of (-7460)/(-36) - (-14)/a.
3, 23
Let d(n) = 2*n**2 + 8*n + 8. Let x be d(-4). Suppose 0 = -x*v + 22*v - 2758. List the prime factors of v.
197
Let j = 1710 + -1579. What are the prime factors of j?
131
Suppose t - 696 = -5*t. List the prime factors of t.
2, 29
Suppose -z = -4*y + 2*z - 17, 1 = 3*y - 5*z. What are the prime factors of (-8)/(4 + y) - (-116 - 1)?
7, 17
Let t be 1*(-6 - -4)*-3. Let g(j) = -7 + t*j - 7*j + j**2 - 1. List the prime factors of g(8).
2, 3
Let b(z) = 3*z + 3. Let w be b(-1). Suppose -5*s + 6*s = w. Let y(r) = -r + 45. List the prime factors of y(s).
3, 5
List the prime factors of 1449 + (-8 - -6) - 1*2.
5, 17
Suppose -51*p = -47*p + 5*b - 17280, 0 = 2*p - 4*b - 8614. List the prime factors of p.
5, 863
Let f(b) be the first derivative of b**4/4 - 19*b**3/3 + 19*b**2/2 + 13*b - 6. What are the prime factors of f(18)?
31
Let o(p) = -3*p + 2. Let w be o(0). List the prime factors of -5 + 35 - (-1 - -1)/w.
2, 3, 5
Let b(v) = -6*v + 12 - 2*v + 7 + 7*v. What are the prime factors of b(13)?
2, 3
Suppose 0 = -s - 5*y - 5, -s - 3 = s + 3*y. Suppose 3*j - 2*j + 2 = s, 3*n - 24 = 3*j. Suppose n = 7*h - 6*h. What are the prime factors of h?
2, 3
Suppose -35 = -s - 25. Suppose -s*i + 77 + 33 = 0. What are the prime factors of i?
11
Let p(v) = v**2 + 5*v + 3. Let f = 5 + -8. Let o be p(f). List the prime factors of (-6)/o + (1 - -14).
17
Suppose 7165 = 12*u + 2341. What are the prime factors of u?
2, 3, 67
Let m = -22 + 27. Suppose 2*r + 60 = m*r. List the prime factors of r.
2, 5
Let g(p) = 6*p - 3. Let d be g(1). List the prime factors of (d/9)/((-2)/(-204)).
2, 17
Let i(j) = 30 - 16 - j + 14*j**2 + j**3 - 3*j. Let q be i(-12). Suppose 0 = -3*z + 4*z - 2, 5*b + 5*z = q. List the prime factors of b.
2, 17
Let u be -49 + -5 - 0/2. Let f = 70 + u. What are the prime factors of f?
2
List the prime factors of (6/4)/(87/10730).
5, 37
Let z = -36 + 14. Let q(u) = u**2 - 16*u + 26. Let k be q(10). Let h = z - k. What are the prime factors of h?
2, 3
What are the prime factors of (-15162)/(-49) - (-16)/28?
2, 5, 31
Suppose c + 3*c = 2*t - 10140, t = 5*c + 5055. What are the prime factors of t?
2, 5, 127
Suppose -5*n + 16 = 5*b - 24, 2*b = 4*n - 50. Let z = -66 + n. Let h = -2 - z. What are the prime factors of h?
53
Suppose -2 = -2*s, 3*s + 54 - 10 = -m. Let d = 68 + m. List the prime factors of d.
3, 7
Let l(p) = 17*p**2 + 2 + 7 - 11*p**2. What are the prime factors of l(-3)?
3, 7
Let l = 19 - -2. Let g = l + 6. List the prime factors of g.
3
Suppose -4*l + 2*l - 20 = 2*x, 16 = -2*l + 2*x. What are the prime factors of (-10)/2 - (l - 29)?
3, 11
Suppose 2*y - 4 = 0, 0 = 2*w + 3*w + 5*y + 350. Let o = 59 - w. List the prime factors of o.
131
Suppose -5*z + 9 = -1. Suppose z*q = 6 + 6. List the prim